{"id":3310,"date":"2024-10-09T04:19:28","date_gmt":"2024-10-09T04:19:28","guid":{"rendered":"https:\/\/veggy.com.tr\/veggykids\/?page_id=3310"},"modified":"2024-10-11T14:33:57","modified_gmt":"2024-10-11T14:33:57","slug":"telif-haklari-ve-kullanim-kosullari","status":"publish","type":"page","link":"https:\/\/veggy.com.tr\/veggykids\/telif-haklari-ve-kullanim-kosullari\/","title":{"rendered":"Telif Haklar\u0131 ve Kullan\u0131m Ko\u015fullar\u0131"},"content":{"rendered":"\t\t<div data-elementor-type=\"wp-page\" data-elementor-id=\"3310\" class=\"elementor elementor-3310\" data-elementor-post-type=\"page\">\n\t\t\t\t<div class=\"elementor-element elementor-element-68ac5fa e-flex e-con-boxed e-con e-parent\" data-id=\"68ac5fa\" data-element_type=\"container\" data-settings=\"{&quot;ekit_has_onepagescroll_dot&quot;:&quot;yes&quot;}\">\n\t\t\t\t\t<div class=\"e-con-inner\">\n\t\t<div class=\"elementor-element elementor-element-0fdf100 e-con-full elementor-hidden-tablet elementor-hidden-mobile e-flex e-con e-child\" data-id=\"0fdf100\" data-element_type=\"container\" data-settings=\"{&quot;ekit_has_onepagescroll_dot&quot;:&quot;yes&quot;}\">\n\t\t\t\t<div class=\"elementor-element elementor-element-3136ec5 elementor-icon-list--layout-traditional elementor-list-item-link-full_width elementor-widget elementor-widget-icon-list\" data-id=\"3136ec5\" data-element_type=\"widget\" data-settings=\"{&quot;ekit_we_effect_on&quot;:&quot;none&quot;}\" data-widget_type=\"icon-list.default\">\n\t\t\t\t<div class=\"elementor-widget-container\">\n\t\t\t\t\t\t\t<ul class=\"elementor-icon-list-items\">\n\t\t\t\t\t\t\t<li class=\"elementor-icon-list-item\">\n\t\t\t\t\t\t\t\t\t\t\t<a href=\"https:\/\/veggy.com.tr\/veggykids\/gizlilik-ve-guvenlik-politikasi\/\">\n\n\t\t\t\t\t\t\t\t\t\t\t<span class=\"elementor-icon-list-text\">KVKK Ayd\u0131nlatma Metni<\/span>\n\t\t\t\t\t\t\t\t\t\t\t<\/a>\n\t\t\t\t\t\t\t\t\t<\/li>\n\t\t\t\t\t\t\t\t<li class=\"elementor-icon-list-item\">\n\t\t\t\t\t\t\t\t\t\t\t<a href=\"https:\/\/veggy.com.tr\/veggykids\/gizlilik-politikasi\/\">\n\n\t\t\t\t\t\t\t\t\t\t\t<span class=\"elementor-icon-list-text\">Gizlilik Politikas\u0131<\/span>\n\t\t\t\t\t\t\t\t\t\t\t<\/a>\n\t\t\t\t\t\t\t\t\t<\/li>\n\t\t\t\t\t\t\t\t<li class=\"elementor-icon-list-item\">\n\t\t\t\t\t\t\t\t\t\t\t<a href=\"https:\/\/veggy.com.tr\/veggykids\/kisisel-verilerin-korunmasi\/\">\n\n\t\t\t\t\t\t\t\t\t\t\t<span class=\"elementor-icon-list-text\">Ki\u015fisel Verilerin Korunmas\u0131<\/span>\n\t\t\t\t\t\t\t\t\t\t\t<\/a>\n\t\t\t\t\t\t\t\t\t<\/li>\n\t\t\t\t\t\t\t\t<li class=\"elementor-icon-list-item\">\n\t\t\t\t\t\t\t\t\t\t\t<a href=\"https:\/\/veggy.com.tr\/veggykids\/telif-haklari-ve-kullanim-kosullari\/\">\n\n\t\t\t\t\t\t\t\t\t\t\t<span class=\"elementor-icon-list-text\">Telif Haklar\u0131 ve Kullan\u0131m Ko\u015fullar\u0131<\/span>\n\t\t\t\t\t\t\t\t\t\t\t<\/a>\n\t\t\t\t\t\t\t\t\t<\/li>\n\t\t\t\t\t\t\t\t<li class=\"elementor-icon-list-item\">\n\t\t\t\t\t\t\t\t\t\t\t<a href=\"https:\/\/veggy.com.tr\/veggykids\/bilgi-talep-formu\/\">\n\n\t\t\t\t\t\t\t\t\t\t\t<span class=\"elementor-icon-list-text\">Bilgi Talep Formu<\/span>\n\t\t\t\t\t\t\t\t\t\t\t<\/a>\n\t\t\t\t\t\t\t\t\t<\/li>\n\t\t\t\t\t\t\t\t<li class=\"elementor-icon-list-item\">\n\t\t\t\t\t\t\t\t\t\t\t<a href=\"https:\/\/veggy.com.tr\/veggykids\/sosyal-uygunluk-politikasi\/\">\n\n\t\t\t\t\t\t\t\t\t\t\t<span class=\"elementor-icon-list-text\">Sosyal Uygunluk Politikas\u0131<\/span>\n\t\t\t\t\t\t\t\t\t\t\t<\/a>\n\t\t\t\t\t\t\t\t\t<\/li>\n\t\t\t\t\t\t\t\t<li class=\"elementor-icon-list-item\">\n\t\t\t\t\t\t\t\t\t\t\t<a href=\"https:\/\/veggy.com.tr\/veggykids\/yasal-uyari\/\">\n\n\t\t\t\t\t\t\t\t\t\t\t<span class=\"elementor-icon-list-text\">Yasal Uyar\u0131<\/span>\n\t\t\t\t\t\t\t\t\t\t\t<\/a>\n\t\t\t\t\t\t\t\t\t<\/li>\n\t\t\t\t\t\t<\/ul>\n\t\t\t\t\t\t<\/div>\n\t\t\t\t<\/div>\n\t\t\t\t<\/div>\n\t\t<div class=\"elementor-element elementor-element-d652759 e-con-full e-flex e-con e-child\" data-id=\"d652759\" data-element_type=\"container\" data-settings=\"{&quot;ekit_has_onepagescroll_dot&quot;:&quot;yes&quot;}\">\n\t\t\t\t<div class=\"elementor-element elementor-element-8fa8ce9 elementor-widget elementor-widget-text-editor\" data-id=\"8fa8ce9\" data-element_type=\"widget\" data-settings=\"{&quot;ekit_we_effect_on&quot;:&quot;none&quot;}\" data-widget_type=\"text-editor.default\">\n\t\t\t\t<div class=\"elementor-widget-container\">\n\t\t\t\t\t\t\t\t\t<p><strong>TEL\u0130F HAKLARI VE KULLANIM KO\u015eULLARI<\/strong><\/p><p class=\"p1\">Bu internet sitesinin tasar\u0131m ve i\u00e7eri\u011fi\u00a0<span class=\"s1\">Vegan<\/span>\u00a0<span class=\"s1\">\u0130\u015fler G\u0131da<\/span>\u00a0<span class=\"s1\">San.<\/span><span class=\"s4\">ve Tic\u00a0<\/span><span class=\"s5\">.<\/span><span class=\"s1\">A.\u015e.<\/span>. (\u201c<b>VEGGY<\/b>\u201d) taraf\u0131ndan olu\u015fturulmu\u015ftur. Bu internet sitesinin tasar\u0131m ve i\u00e7eri\u011fi ve sitedeki her t\u00fcrl\u00fc ses, g\u00f6r\u00fcnt\u00fc, yaz\u0131 i\u00e7eren bilgi ve belge, ticaret unvan\u0131, ticari marka ve her t\u00fcr fikri m\u00fclkiyet haklar\u0131 ve bunlara ili\u015fkin t\u00fcm mali, yararlanma, kulland\u0131rma ve devir haklar\u0131 VEGGY ve\/veya Ba\u011fl\u0131 \u015eirketlerine aittir ya da sahiplerinin izni ile kullan\u0131lmaktad\u0131r ve telif haklar\u0131 kapsam\u0131ndad\u0131r. Bu verileri kopyalamak, \u00e7o\u011faltmak, kiralamak, \u00f6d\u00fcn\u00e7 vermek, iletmek, yay\u0131nlamak ve \u00fczerinde izinsiz de\u011fi\u015fiklik yapmak yasakt\u0131r. Ki\u015fisel kullan\u0131m ama\u00e7l\u0131 \u00e7o\u011faltmaya izin verilir. Bu siteden al\u0131nan her t\u00fcrl\u00fc ses, g\u00f6r\u00fcnt\u00fc, yaz\u0131 i\u00e7eren bilgi ve belge sat\u0131lamaz ya da herhangi bir k\u00e2r amac\u0131yla da\u011f\u0131t\u0131lamaz. VEGGY, bu internet sitesinde bilgi sa\u011flamak suretiyle hi\u00e7bir lisans, telif hakk\u0131, patent ve sair fikri m\u00fclkiyet hakk\u0131 vermi\u015f olmaz. Herhangi bir hak ihlali durumunda VEGGY\u2019n\u0131n ve\/veya Ba\u011fl\u0131 \u015eirketlerinin t\u00fcm yasal ba\u015fvuru haklar\u0131 sakl\u0131d\u0131r. Burada bahsi ge\u00e7en \u201cBa\u011fl\u0131 \u015eirket\u201d terimi, VEGGY\u2019y\u0131 kontrol eden, VEGGY taraf\u0131ndan kontrol edilen veya VEGGY ile ortak kontrol alt\u0131nda olan t\u00fcm \u015firketleri ve di\u011fer ticari t\u00fczel ki\u015filikleri; \u201ckontrol\u201d terimi ise b\u00f6yle bir \u015firket veya di\u011fer t\u00fczel ki\u015fili\u011fin oy haklar\u0131n\u0131n en az %50\u2019sine do\u011frudan veya dolayl\u0131 sahibi olmay\u0131 veya bunlar\u0131 herhangi bir ba\u015fka \u015fekilde kontrol etmeyi ifade etmektedir.<\/p><p class=\"p1\">\u0130nternet arac\u0131l\u0131\u011f\u0131yla VEGGY\u2019ya iletilen her t\u00fcr bilginin (her t\u00fcr yorum, \u00f6neri, fikir, grafik, vb dahil), bunlar i\u00e7in sa\u011flay\u0131c\u0131ya ya da ba\u015fka herhangi bir ki\u015fiye herhangi bir \u00f6deme yap\u0131lmaks\u0131z\u0131n, s\u0131n\u0131rs\u0131z kullan\u0131m hakk\u0131 yaln\u0131zca VEGGY\u2019n\u0131n m\u00fclkiyetine ge\u00e7ecek ve VEGGY\u2019n\u0131n m\u00fclkiyetinde kalacakt\u0131r. VEGGY, kendisine yollanan her t\u00fcrl\u00fc bilgiyi \u201cgizli DE\u011e\u0130L\u201d olarak de\u011ferlendirecektir.<\/p><p class=\"p1\">Bu web sitesindeki ba\u011flant\u0131lar sizi VEGGY a\u011f\u0131n\u0131n d\u0131\u015f\u0131na g\u00f6t\u00fcrebilir ve VEGGY ve\/veya Ba\u011fl\u0131 \u015eirketleri, bu sitelerin i\u00e7eri\u011fi, do\u011frulu\u011fu ya da i\u015fleviyle ilgili olarak, hi\u00e7bir sorumluluk \u00fcstlenmez. Bu ba\u011flant\u0131lar iyi niyet \u00e7er\u00e7evesinde sunulmaktad\u0131r ve VEGGY, ba\u011flant\u0131s\u0131 verilen sitelerde daha sonra olabilecek herhangi bir de\u011fi\u015fiklikten sorumlu de\u011fildir. VEGGY ve\/veya ba\u011fl\u0131 \u015firketleri ya da bu sitenin olu\u015fturulmas\u0131, \u00fcretilmesi ya da iletilmesinde yer alan di\u011fer herhangi bir \u00fc\u00e7\u00fcnc\u00fc taraf bu siteye eri\u015fim ya da sitenin kullan\u0131m\u0131ndan do\u011fabilecek herhangi bir (kar kayb\u0131, i\u015fin aksamas\u0131, bilgi i\u015flem sistemlerinizdeki program veya ba\u015fka verilerin kayb\u0131 da dahil olmak ve fakat bunlarla s\u0131n\u0131rl\u0131 olmamak \u00fczere) do\u011frudan, dolayl\u0131, ar\u0131zi, tali ya da cezai zarar, ziyan, hasar veya sorumluluktan \u00f6t\u00fcr\u00fc sorumlu tutulamaz.<\/p><p class=\"p1\">VEGGY, do\u011fru ve kesin bilgi temin etmek i\u00e7in makul \u00e7aba sarf etmi\u015f olmakla beraber, i\u015fbu internet sitesinde bulunan bilgilerin do\u011frulu\u011fu, taml\u0131\u011f\u0131, yeterlili\u011fi, g\u00fcncelli\u011fi veya belirli bir amaca uygunlu\u011funu garanti veya taahh\u00fct etmez. \u0130\u015fbu internet sitesinde veya bu siteden ba\u011flant\u0131larda yer verilen bilgileri kullanmadan do\u011fan riskler bu bilgileri kullananlara aittir. VEGGY i\u00e7erikte yer alan hatalar ve eksiklikler i\u00e7in hi\u00e7bir sorumluluk kabul etmez. Ayr\u0131ca, bu siteye eri\u015fiminiz, kullanman\u0131z ya da bu siteden herhangi bir ses, g\u00f6r\u00fcnt\u00fc, yaz\u0131 i\u00e7eren bilgi ve belge indirmeniz nedeniyle bilgisayar donan\u0131m\u0131n\u0131zda veya di\u011fer varl\u0131klar\u0131n\u0131zda olabilecek herhangi bir hasar ya da bula\u015fabilecek bir vir\u00fcsten, solucanlardan, truva atlar\u0131ndan ve di\u011fer tahrip edici nitelikteki \u00f6\u011felerden VEGGY sorumlu tutulamaz.<\/p><p>\u00a0<\/p><p class=\"p1\">VEGGY, i\u015fbu bildirimi g\u00fcncellemek suretiyle i\u015fbu \u015fartlar\u0131 diledi\u011fi zaman de\u011fi\u015ftirebilir ve herhangi bir g\u00fcncelleme veya de\u011fi\u015ftirme \u00f6ncesinde i\u015fbu internet sitesi kullan\u0131c\u0131lar\u0131n\u0131 bilgilendirmekle y\u00fck\u00fcml\u00fc de\u011fildir.<\/p>\t\t\t\t\t\t\t\t<\/div>\n\t\t\t\t<\/div>\n\t\t\t\t<\/div>\n\t\t\t\t\t<\/div>\n\t\t\t\t<\/div>\n\t\t<div class=\"elementor-element elementor-element-df69545 e-con-full elementor-hidden-desktop e-flex e-con e-child\" data-id=\"df69545\" data-element_type=\"container\" data-settings=\"{&quot;ekit_has_onepagescroll_dot&quot;:&quot;yes&quot;}\">\n\t\t\t\t<div class=\"elementor-element elementor-element-fbfb3fe elementor-icon-list--layout-traditional elementor-list-item-link-full_width elementor-widget elementor-widget-icon-list\" data-id=\"fbfb3fe\" data-element_type=\"widget\" data-settings=\"{&quot;ekit_we_effect_on&quot;:&quot;none&quot;}\" data-widget_type=\"icon-list.default\">\n\t\t\t\t<div class=\"elementor-widget-container\">\n\t\t\t\t\t\t\t<ul class=\"elementor-icon-list-items\">\n\t\t\t\t\t\t\t<li class=\"elementor-icon-list-item\">\n\t\t\t\t\t\t\t\t\t\t\t<a href=\"https:\/\/veggy.com.tr\/veggykids\/gizlilik-ve-guvenlik-politikasi\/\">\n\n\t\t\t\t\t\t\t\t\t\t\t<span class=\"elementor-icon-list-text\">KVKK Ayd\u0131nlatma Metni<\/span>\n\t\t\t\t\t\t\t\t\t\t\t<\/a>\n\t\t\t\t\t\t\t\t\t<\/li>\n\t\t\t\t\t\t\t\t<li class=\"elementor-icon-list-item\">\n\t\t\t\t\t\t\t\t\t\t\t<a href=\"https:\/\/veggy.com.tr\/veggykids\/gizlilik-politikasi\/\">\n\n\t\t\t\t\t\t\t\t\t\t\t<span class=\"elementor-icon-list-text\">Gizlilik Politikas\u0131<\/span>\n\t\t\t\t\t\t\t\t\t\t\t<\/a>\n\t\t\t\t\t\t\t\t\t<\/li>\n\t\t\t\t\t\t\t\t<li class=\"elementor-icon-list-item\">\n\t\t\t\t\t\t\t\t\t\t\t<a href=\"https:\/\/veggy.com.tr\/veggykids\/kisisel-verilerin-korunmasi\/\">\n\n\t\t\t\t\t\t\t\t\t\t\t<span class=\"elementor-icon-list-text\">Ki\u015fisel Verilerin Korunmas\u0131<\/span>\n\t\t\t\t\t\t\t\t\t\t\t<\/a>\n\t\t\t\t\t\t\t\t\t<\/li>\n\t\t\t\t\t\t\t\t<li class=\"elementor-icon-list-item\">\n\t\t\t\t\t\t\t\t\t\t\t<a href=\"https:\/\/veggy.com.tr\/veggykids\/telif-haklari-ve-kullanim-kosullari\/\">\n\n\t\t\t\t\t\t\t\t\t\t\t<span class=\"elementor-icon-list-text\">Telif Haklar\u0131 ve Kullan\u0131m Ko\u015fullar\u0131<\/span>\n\t\t\t\t\t\t\t\t\t\t\t<\/a>\n\t\t\t\t\t\t\t\t\t<\/li>\n\t\t\t\t\t\t\t\t<li class=\"elementor-icon-list-item\">\n\t\t\t\t\t\t\t\t\t\t\t<a href=\"https:\/\/veggy.com.tr\/veggykids\/bilgi-talep-formu\/\">\n\n\t\t\t\t\t\t\t\t\t\t\t<span class=\"elementor-icon-list-text\">Bilgi Talep Formu<\/span>\n\t\t\t\t\t\t\t\t\t\t\t<\/a>\n\t\t\t\t\t\t\t\t\t<\/li>\n\t\t\t\t\t\t\t\t<li class=\"elementor-icon-list-item\">\n\t\t\t\t\t\t\t\t\t\t\t<a href=\"https:\/\/veggy.com.tr\/veggykids\/sosyal-uygunluk-politikasi\/\">\n\n\t\t\t\t\t\t\t\t\t\t\t<span class=\"elementor-icon-list-text\">Sosyal Uygunluk Politikas\u0131<\/span>\n\t\t\t\t\t\t\t\t\t\t\t<\/a>\n\t\t\t\t\t\t\t\t\t<\/li>\n\t\t\t\t\t\t\t\t<li class=\"elementor-icon-list-item\">\n\t\t\t\t\t\t\t\t\t\t\t<a href=\"https:\/\/veggy.com.tr\/veggykids\/yasal-uyari\/\">\n\n\t\t\t\t\t\t\t\t\t\t\t<span class=\"elementor-icon-list-text\">Yasal Uyar\u0131<\/span>\n\t\t\t\t\t\t\t\t\t\t\t<\/a>\n\t\t\t\t\t\t\t\t\t<\/li>\n\t\t\t\t\t\t<\/ul>\n\t\t\t\t\t\t<\/div>\n\t\t\t\t<\/div>\n\t\t\t\t<\/div>\n\t\t\t\t<\/div>\n\t\t","protected":false},"excerpt":{"rendered":"<p>KVKK Ayd\u0131nlatma Metni Gizlilik Politikas\u0131 Ki\u015fisel Verilerin Korunmas\u0131 Telif Haklar\u0131 ve Kullan\u0131m Ko\u015fullar\u0131 Bilgi Talep Formu Sosyal Uygunluk Politikas\u0131 Yasal Uyar\u0131 TEL\u0130F HAKLARI VE KULLANIM KO\u015eULLARI Bu internet sitesinin tasar\u0131m ve i\u00e7eri\u011fi\u00a0Vegan\u00a0\u0130\u015fler G\u0131da\u00a0San.ve Tic\u00a0.A.\u015e.. (\u201cVEGGY\u201d) taraf\u0131ndan olu\u015fturulmu\u015ftur. Bu internet sitesinin tasar\u0131m ve i\u00e7eri\u011fi ve sitedeki her t\u00fcrl\u00fc ses, g\u00f6r\u00fcnt\u00fc, yaz\u0131 i\u00e7eren bilgi ve belge, ticaret [&hellip;]<\/p>\n","protected":false},"author":1,"featured_media":0,"parent":0,"menu_order":0,"comment_status":"closed","ping_status":"closed","template":"elementor_header_footer","meta":{"inline_featured_image":false,"footnotes":""},"class_list":["post-3310","page","type-page","status-publish","hentry"],"yoast_head":"<!-- This site is optimized with the Yoast SEO plugin v24.1 - https:\/\/yoast.com\/wordpress\/plugins\/seo\/ -->\n<title>Telif Haklar\u0131 ve Kullan\u0131m Ko\u015fullar\u0131 - VEGGY Kids | Her Eve Veggy Kids<\/title>\n<meta name=\"robots\" content=\"index, follow, max-snippet:-1, max-image-preview:large, max-video-preview:-1\" \/>\n<link rel=\"canonical\" href=\"https:\/\/veggy.com.tr\/veggykids\/telif-haklari-ve-kullanim-kosullari\/\" \/>\n<meta property=\"og:locale\" content=\"tr_TR\" \/>\n<meta property=\"og:type\" content=\"article\" \/>\n<meta property=\"og:title\" content=\"Telif Haklar\u0131 ve Kullan\u0131m Ko\u015fullar\u0131 - VEGGY Kids | Her Eve Veggy Kids\" \/>\n<meta property=\"og:description\" content=\"KVKK Ayd\u0131nlatma Metni Gizlilik Politikas\u0131 Ki\u015fisel Verilerin Korunmas\u0131 Telif Haklar\u0131 ve Kullan\u0131m Ko\u015fullar\u0131 Bilgi Talep Formu Sosyal Uygunluk Politikas\u0131 Yasal Uyar\u0131 TEL\u0130F HAKLARI VE KULLANIM KO\u015eULLARI Bu internet sitesinin tasar\u0131m ve i\u00e7eri\u011fi\u00a0Vegan\u00a0\u0130\u015fler G\u0131da\u00a0San.ve Tic\u00a0.A.\u015e.. (\u201cVEGGY\u201d) taraf\u0131ndan olu\u015fturulmu\u015ftur. Bu internet sitesinin tasar\u0131m ve i\u00e7eri\u011fi ve sitedeki her t\u00fcrl\u00fc ses, g\u00f6r\u00fcnt\u00fc, yaz\u0131 i\u00e7eren bilgi ve belge, ticaret [&hellip;]\" \/>\n<meta property=\"og:url\" content=\"https:\/\/veggy.com.tr\/veggykids\/telif-haklari-ve-kullanim-kosullari\/\" \/>\n<meta property=\"og:site_name\" content=\"VEGGY Kids | Her Eve Veggy Kids\" \/>\n<meta property=\"article:modified_time\" content=\"2024-10-11T14:33:57+00:00\" \/>\n<meta name=\"twitter:card\" content=\"summary_large_image\" \/>\n<meta name=\"twitter:label1\" content=\"Tahmini okuma s\u00fcresi\" \/>\n\t<meta name=\"twitter:data1\" content=\"4 dakika\" \/>\n<script type=\"application\/ld+json\" class=\"yoast-schema-graph\">{\"@context\":\"https:\/\/schema.org\",\"@graph\":[{\"@type\":\"WebPage\",\"@id\":\"https:\/\/veggy.com.tr\/veggykids\/telif-haklari-ve-kullanim-kosullari\/\",\"url\":\"https:\/\/veggy.com.tr\/veggykids\/telif-haklari-ve-kullanim-kosullari\/\",\"name\":\"Telif Haklar\u0131 ve Kullan\u0131m Ko\u015fullar\u0131 - VEGGY Kids | Her Eve Veggy Kids\",\"isPartOf\":{\"@id\":\"https:\/\/veggy.com.tr\/veggykids\/#website\"},\"datePublished\":\"2024-10-09T04:19:28+00:00\",\"dateModified\":\"2024-10-11T14:33:57+00:00\",\"breadcrumb\":{\"@id\":\"https:\/\/veggy.com.tr\/veggykids\/telif-haklari-ve-kullanim-kosullari\/#breadcrumb\"},\"inLanguage\":\"tr\",\"potentialAction\":[{\"@type\":\"ReadAction\",\"target\":[\"https:\/\/veggy.com.tr\/veggykids\/telif-haklari-ve-kullanim-kosullari\/\"]}]},{\"@type\":\"BreadcrumbList\",\"@id\":\"https:\/\/veggy.com.tr\/veggykids\/telif-haklari-ve-kullanim-kosullari\/#breadcrumb\",\"itemListElement\":[{\"@type\":\"ListItem\",\"position\":1,\"name\":\"Anasayfa\",\"item\":\"https:\/\/veggy.com.tr\/veggykids\/\"},{\"@type\":\"ListItem\",\"position\":2,\"name\":\"Telif Haklar\u0131 ve Kullan\u0131m Ko\u015fullar\u0131\"}]},{\"@type\":\"WebSite\",\"@id\":\"https:\/\/veggy.com.tr\/veggykids\/#website\",\"url\":\"https:\/\/veggy.com.tr\/veggykids\/\",\"name\":\"VEGGY Kids | Her Eve Veggy Kids\",\"description\":\"\",\"potentialAction\":[{\"@type\":\"SearchAction\",\"target\":{\"@type\":\"EntryPoint\",\"urlTemplate\":\"https:\/\/veggy.com.tr\/veggykids\/?s={search_term_string}\"},\"query-input\":{\"@type\":\"PropertyValueSpecification\",\"valueRequired\":true,\"valueName\":\"search_term_string\"}}],\"inLanguage\":\"tr\"}]}<\/script>\n<!-- \/ Yoast SEO plugin. -->","yoast_head_json":{"title":"Telif Haklar\u0131 ve Kullan\u0131m Ko\u015fullar\u0131 - VEGGY Kids | Her Eve Veggy Kids","robots":{"index":"index","follow":"follow","max-snippet":"max-snippet:-1","max-image-preview":"max-image-preview:large","max-video-preview":"max-video-preview:-1"},"canonical":"https:\/\/veggy.com.tr\/veggykids\/telif-haklari-ve-kullanim-kosullari\/","og_locale":"tr_TR","og_type":"article","og_title":"Telif Haklar\u0131 ve Kullan\u0131m Ko\u015fullar\u0131 - VEGGY Kids | Her Eve Veggy Kids","og_description":"KVKK Ayd\u0131nlatma Metni Gizlilik Politikas\u0131 Ki\u015fisel Verilerin Korunmas\u0131 Telif Haklar\u0131 ve Kullan\u0131m Ko\u015fullar\u0131 Bilgi Talep Formu Sosyal Uygunluk Politikas\u0131 Yasal Uyar\u0131 TEL\u0130F HAKLARI VE KULLANIM KO\u015eULLARI Bu internet sitesinin tasar\u0131m ve i\u00e7eri\u011fi\u00a0Vegan\u00a0\u0130\u015fler G\u0131da\u00a0San.ve Tic\u00a0.A.\u015e.. (\u201cVEGGY\u201d) taraf\u0131ndan olu\u015fturulmu\u015ftur. Bu internet sitesinin tasar\u0131m ve i\u00e7eri\u011fi ve sitedeki her t\u00fcrl\u00fc ses, g\u00f6r\u00fcnt\u00fc, yaz\u0131 i\u00e7eren bilgi ve belge, ticaret [&hellip;]","og_url":"https:\/\/veggy.com.tr\/veggykids\/telif-haklari-ve-kullanim-kosullari\/","og_site_name":"VEGGY Kids | Her Eve Veggy Kids","article_modified_time":"2024-10-11T14:33:57+00:00","twitter_card":"summary_large_image","twitter_misc":{"Tahmini okuma s\u00fcresi":"4 dakika"},"schema":{"@context":"https:\/\/schema.org","@graph":[{"@type":"WebPage","@id":"https:\/\/veggy.com.tr\/veggykids\/telif-haklari-ve-kullanim-kosullari\/","url":"https:\/\/veggy.com.tr\/veggykids\/telif-haklari-ve-kullanim-kosullari\/","name":"Telif Haklar\u0131 ve Kullan\u0131m Ko\u015fullar\u0131 - VEGGY Kids | Her Eve Veggy Kids","isPartOf":{"@id":"https:\/\/veggy.com.tr\/veggykids\/#website"},"datePublished":"2024-10-09T04:19:28+00:00","dateModified":"2024-10-11T14:33:57+00:00","breadcrumb":{"@id":"https:\/\/veggy.com.tr\/veggykids\/telif-haklari-ve-kullanim-kosullari\/#breadcrumb"},"inLanguage":"tr","potentialAction":[{"@type":"ReadAction","target":["https:\/\/veggy.com.tr\/veggykids\/telif-haklari-ve-kullanim-kosullari\/"]}]},{"@type":"BreadcrumbList","@id":"https:\/\/veggy.com.tr\/veggykids\/telif-haklari-ve-kullanim-kosullari\/#breadcrumb","itemListElement":[{"@type":"ListItem","position":1,"name":"Anasayfa","item":"https:\/\/veggy.com.tr\/veggykids\/"},{"@type":"ListItem","position":2,"name":"Telif Haklar\u0131 ve Kullan\u0131m Ko\u015fullar\u0131"}]},{"@type":"WebSite","@id":"https:\/\/veggy.com.tr\/veggykids\/#website","url":"https:\/\/veggy.com.tr\/veggykids\/","name":"VEGGY Kids | Her Eve Veggy Kids","description":"","potentialAction":[{"@type":"SearchAction","target":{"@type":"EntryPoint","urlTemplate":"https:\/\/veggy.com.tr\/veggykids\/?s={search_term_string}"},"query-input":{"@type":"PropertyValueSpecification","valueRequired":true,"valueName":"search_term_string"}}],"inLanguage":"tr"}]}},"_links":{"self":[{"href":"https:\/\/veggy.com.tr\/veggykids\/wp-json\/wp\/v2\/pages\/3310","targetHints":{"allow":["GET"]}}],"collection":[{"href":"https:\/\/veggy.com.tr\/veggykids\/wp-json\/wp\/v2\/pages"}],"about":[{"href":"https:\/\/veggy.com.tr\/veggykids\/wp-json\/wp\/v2\/types\/page"}],"author":[{"embeddable":true,"href":"https:\/\/veggy.com.tr\/veggykids\/wp-json\/wp\/v2\/users\/1"}],"replies":[{"embeddable":true,"href":"https:\/\/veggy.com.tr\/veggykids\/wp-json\/wp\/v2\/comments?post=3310"}],"version-history":[{"count":19,"href":"https:\/\/veggy.com.tr\/veggykids\/wp-json\/wp\/v2\/pages\/3310\/revisions"}],"predecessor-version":[{"id":3932,"href":"https:\/\/veggy.com.tr\/veggykids\/wp-json\/wp\/v2\/pages\/3310\/revisions\/3932"}],"wp:attachment":[{"href":"https:\/\/veggy.com.tr\/veggykids\/wp-json\/wp\/v2\/media?parent=3310"}],"curies":[{"name":"wp","href":"https:\/\/api.w.org\/{rel}","templated":true}]}}