{"id":2892,"date":"2024-10-05T03:51:25","date_gmt":"2024-10-05T03:51:25","guid":{"rendered":"https:\/\/veggy.com.tr\/veggykids\/?page_id=2892"},"modified":"2024-10-11T12:35:24","modified_gmt":"2024-10-11T12:35:24","slug":"urunlerimiz","status":"publish","type":"page","link":"https:\/\/veggy.com.tr\/veggykids\/urunlerimiz\/","title":{"rendered":"\u00dcr\u00fcnlerimiz"},"content":{"rendered":"\t\t<div data-elementor-type=\"wp-page\" data-elementor-id=\"2892\" class=\"elementor elementor-2892\" data-elementor-post-type=\"page\">\n\t\t\t\t\t\t<section class=\"elementor-section elementor-top-section elementor-element elementor-element-6186877 elementor-section-boxed elementor-section-height-default elementor-section-height-default\" data-id=\"6186877\" data-element_type=\"section\" data-settings=\"{&quot;background_background&quot;:&quot;classic&quot;,&quot;ekit_has_onepagescroll_dot&quot;:&quot;yes&quot;}\">\n\t\t\t\t\t\t\t<div class=\"elementor-background-overlay\"><\/div>\n\t\t\t\t\t\t\t<div class=\"elementor-container elementor-column-gap-default\">\n\t\t\t\t\t<div class=\"elementor-column elementor-col-100 elementor-top-column elementor-element elementor-element-599f73f\" data-id=\"599f73f\" data-element_type=\"column\">\n\t\t\t<div class=\"elementor-widget-wrap elementor-element-populated\">\n\t\t\t\t\t\t<div class=\"elementor-element elementor-element-5ca556c elementor-widget elementor-widget-heading\" data-id=\"5ca556c\" data-element_type=\"widget\" data-settings=\"{&quot;ekit_we_effect_on&quot;:&quot;none&quot;}\" data-widget_type=\"heading.default\">\n\t\t\t\t<div class=\"elementor-widget-container\">\n\t\t\t\t\t<h2 class=\"elementor-heading-title elementor-size-default\">\u00dcR\u00dcNLER\u0130M\u0130Z<\/h2>\t\t\t\t<\/div>\n\t\t\t\t<\/div>\n\t\t\t\t<div class=\"elementor-element elementor-element-df30fbb elementor-widget elementor-widget-text-editor\" data-id=\"df30fbb\" data-element_type=\"widget\" data-settings=\"{&quot;ekit_we_effect_on&quot;:&quot;none&quot;}\" data-widget_type=\"text-editor.default\">\n\t\t\t\t<div class=\"elementor-widget-container\">\n\t\t\t\t\t\t\t\t\t<p style=\"font-weight: 400; text-align: center;\">Bezelye proteini, mercimek proteini ve bu\u011fday proteinin besleyicili\u011fi m\u0131s\u0131r, bezelye, havu\u00e7, nohut ve so\u011fan\u0131n lezzetiyle birle\u015ftirildi, vitamin-minerallerle desteklendi ve ortaya Veggy Kids \u00e7\u0131kt\u0131.<\/p>\t\t\t\t\t\t\t\t<\/div>\n\t\t\t\t<\/div>\n\t\t\t\t<section class=\"elementor-section elementor-inner-section elementor-element elementor-element-5f8e31b elementor-section-boxed elementor-section-height-default elementor-section-height-default\" data-id=\"5f8e31b\" data-element_type=\"section\" data-settings=\"{&quot;ekit_has_onepagescroll_dot&quot;:&quot;yes&quot;}\">\n\t\t\t\t\t\t<div class=\"elementor-container elementor-column-gap-default\">\n\t\t\t\t\t<div class=\"elementor-column elementor-col-33 elementor-inner-column elementor-element elementor-element-b5af9c6\" data-id=\"b5af9c6\" data-element_type=\"column\">\n\t\t\t<div class=\"elementor-widget-wrap elementor-element-populated\">\n\t\t\t\t\t\t<div class=\"elementor-element elementor-element-2269db9  image-zoom-1 elementor-widget elementor-widget-image\" data-id=\"2269db9\" data-element_type=\"widget\" data-settings=\"{&quot;ekit_we_effect_on&quot;:&quot;none&quot;}\" data-widget_type=\"image.default\">\n\t\t\t\t<div class=\"elementor-widget-container\">\n\t\t\t\t\t\t\t\t\t\t\t\t\t\t\t\t<a href=\"https:\/\/veggy.com.tr\/veggykids\/mini-nugget\/\">\n\t\t\t\t\t\t\t<img fetchpriority=\"high\" decoding=\"async\" width=\"270\" height=\"410\" src=\"https:\/\/veggy.com.tr\/veggykids\/wp-content\/uploads\/2024\/10\/mini-nugget.jpg\" class=\"attachment-full size-full wp-image-3027\" alt=\"\" srcset=\"https:\/\/veggy.com.tr\/veggykids\/wp-content\/uploads\/2024\/10\/mini-nugget.jpg 270w, https:\/\/veggy.com.tr\/veggykids\/wp-content\/uploads\/2024\/10\/mini-nugget-198x300.jpg 198w\" sizes=\"(max-width: 270px) 100vw, 270px\" \/>\t\t\t\t\t\t\t\t<\/a>\n\t\t\t\t\t\t\t\t\t\t\t\t\t\t\t<\/div>\n\t\t\t\t<\/div>\n\t\t\t\t<div class=\"elementor-element elementor-element-ab40e67 elementor-widget elementor-widget-heading\" data-id=\"ab40e67\" data-element_type=\"widget\" data-settings=\"{&quot;ekit_we_effect_on&quot;:&quot;none&quot;}\" data-widget_type=\"heading.default\">\n\t\t\t\t<div class=\"elementor-widget-container\">\n\t\t\t\t\t<h2 class=\"elementor-heading-title elementor-size-default\">Sebzelerden Mini Nugget<\/h2>\t\t\t\t<\/div>\n\t\t\t\t<\/div>\n\t\t\t\t\t<\/div>\n\t\t<\/div>\n\t\t\t\t<div class=\"elementor-column elementor-col-33 elementor-inner-column elementor-element elementor-element-30f9d97\" data-id=\"30f9d97\" data-element_type=\"column\">\n\t\t\t<div class=\"elementor-widget-wrap elementor-element-populated\">\n\t\t\t\t\t\t<div class=\"elementor-element elementor-element-02deb53 image-zoom-1 elementor-widget elementor-widget-image\" data-id=\"02deb53\" data-element_type=\"widget\" data-settings=\"{&quot;ekit_we_effect_on&quot;:&quot;none&quot;}\" data-widget_type=\"image.default\">\n\t\t\t\t<div class=\"elementor-widget-container\">\n\t\t\t\t\t\t\t\t\t\t\t\t\t\t\t\t<a href=\"https:\/\/veggy.com.tr\/veggykids\/mini-kofte\/\">\n\t\t\t\t\t\t\t<img decoding=\"async\" width=\"270\" height=\"410\" src=\"https:\/\/veggy.com.tr\/veggykids\/wp-content\/uploads\/2024\/10\/mini-kofte.jpg\" class=\"attachment-large size-large wp-image-3023\" alt=\"\" srcset=\"https:\/\/veggy.com.tr\/veggykids\/wp-content\/uploads\/2024\/10\/mini-kofte.jpg 270w, https:\/\/veggy.com.tr\/veggykids\/wp-content\/uploads\/2024\/10\/mini-kofte-198x300.jpg 198w\" sizes=\"(max-width: 270px) 100vw, 270px\" \/>\t\t\t\t\t\t\t\t<\/a>\n\t\t\t\t\t\t\t\t\t\t\t\t\t\t\t<\/div>\n\t\t\t\t<\/div>\n\t\t\t\t<div class=\"elementor-element elementor-element-621910a elementor-widget elementor-widget-heading\" data-id=\"621910a\" data-element_type=\"widget\" data-settings=\"{&quot;ekit_we_effect_on&quot;:&quot;none&quot;}\" data-widget_type=\"heading.default\">\n\t\t\t\t<div class=\"elementor-widget-container\">\n\t\t\t\t\t<h2 class=\"elementor-heading-title elementor-size-default\">Sebzelerden Mini K\u00f6fte<\/h2>\t\t\t\t<\/div>\n\t\t\t\t<\/div>\n\t\t\t\t\t<\/div>\n\t\t<\/div>\n\t\t\t\t<div class=\"elementor-column elementor-col-33 elementor-inner-column elementor-element elementor-element-acbcaf9\" data-id=\"acbcaf9\" data-element_type=\"column\">\n\t\t\t<div class=\"elementor-widget-wrap elementor-element-populated\">\n\t\t\t\t\t\t<div class=\"elementor-element elementor-element-ff33826 image-zoom-1 elementor-widget elementor-widget-image\" data-id=\"ff33826\" data-element_type=\"widget\" data-settings=\"{&quot;ekit_we_effect_on&quot;:&quot;none&quot;}\" data-widget_type=\"image.default\">\n\t\t\t\t<div class=\"elementor-widget-container\">\n\t\t\t\t\t\t\t\t\t\t\t\t\t\t\t\t<a href=\"https:\/\/veggy.com.tr\/veggykids\/mini-burger\/\">\n\t\t\t\t\t\t\t<img decoding=\"async\" width=\"270\" height=\"410\" src=\"https:\/\/veggy.com.tr\/veggykids\/wp-content\/uploads\/2024\/10\/mini-burger.jpg\" class=\"attachment-large size-large wp-image-3021\" alt=\"\" srcset=\"https:\/\/veggy.com.tr\/veggykids\/wp-content\/uploads\/2024\/10\/mini-burger.jpg 270w, https:\/\/veggy.com.tr\/veggykids\/wp-content\/uploads\/2024\/10\/mini-burger-198x300.jpg 198w\" sizes=\"(max-width: 270px) 100vw, 270px\" \/>\t\t\t\t\t\t\t\t<\/a>\n\t\t\t\t\t\t\t\t\t\t\t\t\t\t\t<\/div>\n\t\t\t\t<\/div>\n\t\t\t\t<div class=\"elementor-element elementor-element-2f4594f elementor-widget elementor-widget-heading\" data-id=\"2f4594f\" data-element_type=\"widget\" data-settings=\"{&quot;ekit_we_effect_on&quot;:&quot;none&quot;}\" data-widget_type=\"heading.default\">\n\t\t\t\t<div class=\"elementor-widget-container\">\n\t\t\t\t\t<h2 class=\"elementor-heading-title elementor-size-default\">Sebzelerden Mini Burger<\/h2>\t\t\t\t<\/div>\n\t\t\t\t<\/div>\n\t\t\t\t\t<\/div>\n\t\t<\/div>\n\t\t\t\t\t<\/div>\n\t\t<\/section>\n\t\t\t\t\t<\/div>\n\t\t<\/div>\n\t\t\t\t\t<\/div>\n\t\t<\/section>\n\t\t\t\t<\/div>\n\t\t","protected":false},"excerpt":{"rendered":"<p>\u00dcR\u00dcNLER\u0130M\u0130Z Bezelye proteini, mercimek proteini ve bu\u011fday proteinin besleyicili\u011fi m\u0131s\u0131r, bezelye, havu\u00e7, nohut ve so\u011fan\u0131n lezzetiyle birle\u015ftirildi, vitamin-minerallerle desteklendi ve ortaya Veggy Kids \u00e7\u0131kt\u0131. Sebzelerden Mini Nugget Sebzelerden Mini K\u00f6fte Sebzelerden Mini Burger<\/p>\n","protected":false},"author":1,"featured_media":0,"parent":0,"menu_order":0,"comment_status":"closed","ping_status":"closed","template":"elementor_header_footer","meta":{"inline_featured_image":false,"footnotes":""},"class_list":["post-2892","page","type-page","status-publish","hentry"],"yoast_head":"<!-- This site is optimized with the Yoast SEO plugin v24.1 - https:\/\/yoast.com\/wordpress\/plugins\/seo\/ -->\n<title>\u00dcr\u00fcnlerimiz - VEGGY Kids | Her Eve Veggy Kids<\/title>\n<meta name=\"robots\" content=\"index, follow, max-snippet:-1, max-image-preview:large, max-video-preview:-1\" \/>\n<link rel=\"canonical\" href=\"https:\/\/veggy.com.tr\/veggykids\/urunlerimiz\/\" \/>\n<meta property=\"og:locale\" content=\"tr_TR\" \/>\n<meta property=\"og:type\" content=\"article\" \/>\n<meta property=\"og:title\" content=\"\u00dcr\u00fcnlerimiz - VEGGY Kids | Her Eve Veggy Kids\" \/>\n<meta property=\"og:description\" content=\"\u00dcR\u00dcNLER\u0130M\u0130Z Bezelye proteini, mercimek proteini ve bu\u011fday proteinin besleyicili\u011fi m\u0131s\u0131r, bezelye, havu\u00e7, nohut ve so\u011fan\u0131n lezzetiyle birle\u015ftirildi, vitamin-minerallerle desteklendi ve ortaya Veggy Kids \u00e7\u0131kt\u0131. Sebzelerden Mini Nugget Sebzelerden Mini K\u00f6fte Sebzelerden Mini Burger\" \/>\n<meta property=\"og:url\" content=\"https:\/\/veggy.com.tr\/veggykids\/urunlerimiz\/\" \/>\n<meta property=\"og:site_name\" content=\"VEGGY Kids | Her Eve Veggy Kids\" \/>\n<meta property=\"article:modified_time\" content=\"2024-10-11T12:35:24+00:00\" \/>\n<meta property=\"og:image\" content=\"https:\/\/veggy.com.tr\/veggykids\/wp-content\/uploads\/2024\/10\/mini-nugget.jpg\" \/>\n\t<meta property=\"og:image:width\" content=\"270\" \/>\n\t<meta property=\"og:image:height\" content=\"410\" \/>\n\t<meta property=\"og:image:type\" content=\"image\/jpeg\" \/>\n<meta name=\"twitter:card\" content=\"summary_large_image\" \/>\n<script type=\"application\/ld+json\" class=\"yoast-schema-graph\">{\"@context\":\"https:\/\/schema.org\",\"@graph\":[{\"@type\":\"WebPage\",\"@id\":\"https:\/\/veggy.com.tr\/veggykids\/urunlerimiz\/\",\"url\":\"https:\/\/veggy.com.tr\/veggykids\/urunlerimiz\/\",\"name\":\"\u00dcr\u00fcnlerimiz - VEGGY Kids | Her Eve Veggy Kids\",\"isPartOf\":{\"@id\":\"https:\/\/veggy.com.tr\/veggykids\/#website\"},\"primaryImageOfPage\":{\"@id\":\"https:\/\/veggy.com.tr\/veggykids\/urunlerimiz\/#primaryimage\"},\"image\":{\"@id\":\"https:\/\/veggy.com.tr\/veggykids\/urunlerimiz\/#primaryimage\"},\"thumbnailUrl\":\"https:\/\/veggy.com.tr\/veggykids\/wp-content\/uploads\/2024\/10\/mini-nugget.jpg\",\"datePublished\":\"2024-10-05T03:51:25+00:00\",\"dateModified\":\"2024-10-11T12:35:24+00:00\",\"breadcrumb\":{\"@id\":\"https:\/\/veggy.com.tr\/veggykids\/urunlerimiz\/#breadcrumb\"},\"inLanguage\":\"tr\",\"potentialAction\":[{\"@type\":\"ReadAction\",\"target\":[\"https:\/\/veggy.com.tr\/veggykids\/urunlerimiz\/\"]}]},{\"@type\":\"ImageObject\",\"inLanguage\":\"tr\",\"@id\":\"https:\/\/veggy.com.tr\/veggykids\/urunlerimiz\/#primaryimage\",\"url\":\"https:\/\/veggy.com.tr\/veggykids\/wp-content\/uploads\/2024\/10\/mini-nugget.jpg\",\"contentUrl\":\"https:\/\/veggy.com.tr\/veggykids\/wp-content\/uploads\/2024\/10\/mini-nugget.jpg\",\"width\":270,\"height\":410},{\"@type\":\"BreadcrumbList\",\"@id\":\"https:\/\/veggy.com.tr\/veggykids\/urunlerimiz\/#breadcrumb\",\"itemListElement\":[{\"@type\":\"ListItem\",\"position\":1,\"name\":\"Anasayfa\",\"item\":\"https:\/\/veggy.com.tr\/veggykids\/\"},{\"@type\":\"ListItem\",\"position\":2,\"name\":\"\u00dcr\u00fcnlerimiz\"}]},{\"@type\":\"WebSite\",\"@id\":\"https:\/\/veggy.com.tr\/veggykids\/#website\",\"url\":\"https:\/\/veggy.com.tr\/veggykids\/\",\"name\":\"VEGGY Kids | Her Eve Veggy Kids\",\"description\":\"\",\"potentialAction\":[{\"@type\":\"SearchAction\",\"target\":{\"@type\":\"EntryPoint\",\"urlTemplate\":\"https:\/\/veggy.com.tr\/veggykids\/?s={search_term_string}\"},\"query-input\":{\"@type\":\"PropertyValueSpecification\",\"valueRequired\":true,\"valueName\":\"search_term_string\"}}],\"inLanguage\":\"tr\"}]}<\/script>\n<!-- \/ Yoast SEO plugin. -->","yoast_head_json":{"title":"\u00dcr\u00fcnlerimiz - VEGGY Kids | Her Eve Veggy Kids","robots":{"index":"index","follow":"follow","max-snippet":"max-snippet:-1","max-image-preview":"max-image-preview:large","max-video-preview":"max-video-preview:-1"},"canonical":"https:\/\/veggy.com.tr\/veggykids\/urunlerimiz\/","og_locale":"tr_TR","og_type":"article","og_title":"\u00dcr\u00fcnlerimiz - VEGGY Kids | Her Eve Veggy Kids","og_description":"\u00dcR\u00dcNLER\u0130M\u0130Z Bezelye proteini, mercimek proteini ve bu\u011fday proteinin besleyicili\u011fi m\u0131s\u0131r, bezelye, havu\u00e7, nohut ve so\u011fan\u0131n lezzetiyle birle\u015ftirildi, vitamin-minerallerle desteklendi ve ortaya Veggy Kids \u00e7\u0131kt\u0131. Sebzelerden Mini Nugget Sebzelerden Mini K\u00f6fte Sebzelerden Mini Burger","og_url":"https:\/\/veggy.com.tr\/veggykids\/urunlerimiz\/","og_site_name":"VEGGY Kids | Her Eve Veggy Kids","article_modified_time":"2024-10-11T12:35:24+00:00","og_image":[{"width":270,"height":410,"url":"https:\/\/veggy.com.tr\/veggykids\/wp-content\/uploads\/2024\/10\/mini-nugget.jpg","type":"image\/jpeg"}],"twitter_card":"summary_large_image","schema":{"@context":"https:\/\/schema.org","@graph":[{"@type":"WebPage","@id":"https:\/\/veggy.com.tr\/veggykids\/urunlerimiz\/","url":"https:\/\/veggy.com.tr\/veggykids\/urunlerimiz\/","name":"\u00dcr\u00fcnlerimiz - VEGGY Kids | Her Eve Veggy Kids","isPartOf":{"@id":"https:\/\/veggy.com.tr\/veggykids\/#website"},"primaryImageOfPage":{"@id":"https:\/\/veggy.com.tr\/veggykids\/urunlerimiz\/#primaryimage"},"image":{"@id":"https:\/\/veggy.com.tr\/veggykids\/urunlerimiz\/#primaryimage"},"thumbnailUrl":"https:\/\/veggy.com.tr\/veggykids\/wp-content\/uploads\/2024\/10\/mini-nugget.jpg","datePublished":"2024-10-05T03:51:25+00:00","dateModified":"2024-10-11T12:35:24+00:00","breadcrumb":{"@id":"https:\/\/veggy.com.tr\/veggykids\/urunlerimiz\/#breadcrumb"},"inLanguage":"tr","potentialAction":[{"@type":"ReadAction","target":["https:\/\/veggy.com.tr\/veggykids\/urunlerimiz\/"]}]},{"@type":"ImageObject","inLanguage":"tr","@id":"https:\/\/veggy.com.tr\/veggykids\/urunlerimiz\/#primaryimage","url":"https:\/\/veggy.com.tr\/veggykids\/wp-content\/uploads\/2024\/10\/mini-nugget.jpg","contentUrl":"https:\/\/veggy.com.tr\/veggykids\/wp-content\/uploads\/2024\/10\/mini-nugget.jpg","width":270,"height":410},{"@type":"BreadcrumbList","@id":"https:\/\/veggy.com.tr\/veggykids\/urunlerimiz\/#breadcrumb","itemListElement":[{"@type":"ListItem","position":1,"name":"Anasayfa","item":"https:\/\/veggy.com.tr\/veggykids\/"},{"@type":"ListItem","position":2,"name":"\u00dcr\u00fcnlerimiz"}]},{"@type":"WebSite","@id":"https:\/\/veggy.com.tr\/veggykids\/#website","url":"https:\/\/veggy.com.tr\/veggykids\/","name":"VEGGY Kids | Her Eve Veggy Kids","description":"","potentialAction":[{"@type":"SearchAction","target":{"@type":"EntryPoint","urlTemplate":"https:\/\/veggy.com.tr\/veggykids\/?s={search_term_string}"},"query-input":{"@type":"PropertyValueSpecification","valueRequired":true,"valueName":"search_term_string"}}],"inLanguage":"tr"}]}},"_links":{"self":[{"href":"https:\/\/veggy.com.tr\/veggykids\/wp-json\/wp\/v2\/pages\/2892","targetHints":{"allow":["GET"]}}],"collection":[{"href":"https:\/\/veggy.com.tr\/veggykids\/wp-json\/wp\/v2\/pages"}],"about":[{"href":"https:\/\/veggy.com.tr\/veggykids\/wp-json\/wp\/v2\/types\/page"}],"author":[{"embeddable":true,"href":"https:\/\/veggy.com.tr\/veggykids\/wp-json\/wp\/v2\/users\/1"}],"replies":[{"embeddable":true,"href":"https:\/\/veggy.com.tr\/veggykids\/wp-json\/wp\/v2\/comments?post=2892"}],"version-history":[{"count":27,"href":"https:\/\/veggy.com.tr\/veggykids\/wp-json\/wp\/v2\/pages\/2892\/revisions"}],"predecessor-version":[{"id":3860,"href":"https:\/\/veggy.com.tr\/veggykids\/wp-json\/wp\/v2\/pages\/2892\/revisions\/3860"}],"wp:attachment":[{"href":"https:\/\/veggy.com.tr\/veggykids\/wp-json\/wp\/v2\/media?parent=2892"}],"curies":[{"name":"wp","href":"https:\/\/api.w.org\/{rel}","templated":true}]}}