{"id":119075,"date":"2023-03-31T15:11:28","date_gmt":"2023-03-31T15:11:28","guid":{"rendered":"https:\/\/veggy.com.tr\/veggy\/?page_id=119075"},"modified":"2024-12-11T08:43:49","modified_gmt":"2024-12-11T08:43:49","slug":"veggurme","status":"publish","type":"page","link":"https:\/\/veggy.com.tr\/veggy\/veggurme\/","title":{"rendered":"Veggurme"},"content":{"rendered":"<section class=\"wpb-content-wrapper\"><p>[vc_row row_height_percent=&#8221;0&#8243; override_padding=&#8221;yes&#8221; h_padding=&#8221;2&#8243; top_padding=&#8221;0&#8243; bottom_padding=&#8221;2&#8243; back_color=&#8221;color-545879&#8243; overlay_alpha=&#8221;50&#8243; gutter_size=&#8221;3&#8243; column_width_percent=&#8221;80&#8243; shift_y=&#8221;0&#8243; z_index=&#8221;0&#8243; auto_height_device=&#8221;yes&#8221; uncode_shortcode_id=&#8221;113569&#8243; back_color_type=&#8221;uncode-palette&#8221;][vc_column column_width_percent=&#8221;70&#8243; position_vertical=&#8221;middle&#8221; align_horizontal=&#8221;align_center&#8221; gutter_size=&#8221;0&#8243; style=&#8221;dark&#8221; overlay_alpha=&#8221;0&#8243; shift_x=&#8221;0&#8243; shift_y=&#8221;0&#8243; shift_y_down=&#8221;0&#8243; z_index=&#8221;0&#8243; medium_width=&#8221;0&#8243; mobile_width=&#8221;0&#8243; width=&#8221;1\/1&#8243; uncode_shortcode_id=&#8221;621398&#8243;][\/vc_column][\/vc_row][vc_row row_height_percent=&#8221;0&#8243; override_padding=&#8221;yes&#8221; h_padding=&#8221;2&#8243; top_padding=&#8221;0&#8243; bottom_padding=&#8221;2&#8243; back_color=&#8221;color-545879&#8243; overlay_alpha=&#8221;50&#8243; gutter_size=&#8221;3&#8243; column_width_percent=&#8221;80&#8243; shift_y=&#8221;0&#8243; z_index=&#8221;0&#8243; medium_visibility=&#8221;yes&#8221; mobile_visibility=&#8221;yes&#8221; auto_height_device=&#8221;yes&#8221; uncode_shortcode_id=&#8221;199069&#8243; back_color_type=&#8221;uncode-palette&#8221;][vc_column column_width_percent=&#8221;100&#8243; align_horizontal=&#8221;align_center&#8221; gutter_size=&#8221;0&#8243; style=&#8221;dark&#8221; overlay_alpha=&#8221;0&#8243; shift_x=&#8221;0&#8243; shift_y=&#8221;0&#8243; shift_y_down=&#8221;0&#8243; z_index=&#8221;0&#8243; medium_width=&#8221;0&#8243; mobile_width=&#8221;0&#8243; width=&#8221;1\/2&#8243; uncode_shortcode_id=&#8221;496078&#8243;][vc_single_image media=&#8221;120682&#8243; media_width_percent=&#8221;100&#8243; alignment=&#8221;center&#8221; css_animation=&#8221;alpha-anim&#8221; uncode_shortcode_id=&#8221;755348&#8243;][\/vc_column][vc_column column_width_percent=&#8221;100&#8243; gutter_size=&#8221;3&#8243; style=&#8221;dark&#8221; overlay_alpha=&#8221;50&#8243; shift_x=&#8221;0&#8243; shift_y=&#8221;0&#8243; shift_y_down=&#8221;0&#8243; z_index=&#8221;0&#8243; medium_width=&#8221;0&#8243; mobile_width=&#8221;0&#8243; width=&#8221;1\/2&#8243; uncode_shortcode_id=&#8221;130531&#8243;][vc_column_text text_color=&#8221;color-xsdn&#8221; uncode_shortcode_id=&#8221;137655&#8243; text_color_type=&#8221;uncode-palette&#8221;]<\/p>\n<h5 style=\"text-align: left;\"><span class=\"font-144102\">VEGGURME<\/span><\/h5>\n<p>[\/vc_column_text][vc_column_text uncode_shortcode_id=&#8221;127323&#8243;]<\/p>\n<p class=\"p1\">Bizce hi\u00e7bir vegan gurme peynir lezzetlerinden mahrum kalmamal\u0131. \u0130\u015fte T\u00fcrkiye\u2019nin ilk bitki bazl\u0131 gurme peyniri. Sabah kahvalt\u0131lar\u0131n\u0131zdan eksik olmayacak bir lezzet.<\/p>\n<p>[\/vc_column_text][vc_row_inner limit_content=&#8221;&#8221;][vc_column_inner column_width_percent=&#8221;100&#8243; align_horizontal=&#8221;align_center&#8221; gutter_size=&#8221;2&#8243; style=&#8221;dark&#8221; overlay_alpha=&#8221;50&#8243; shift_x=&#8221;0&#8243; shift_y=&#8221;0&#8243; shift_y_down=&#8221;0&#8243; z_index=&#8221;0&#8243; medium_width=&#8221;0&#8243; mobile_width=&#8221;0&#8243; width=&#8221;1\/2&#8243; uncode_shortcode_id=&#8221;149705&#8243;][vc_single_image media=&#8221;118959&#8243; media_width_percent=&#8221;23&#8243; alignment=&#8221;center&#8221; uncode_shortcode_id=&#8221;107513&#8243;][vc_column_text uncode_shortcode_id=&#8221;824755&#8243;]<\/p>\n<p class=\"p1\" style=\"text-align: center;\">%100 Vegan<\/p>\n<p>[\/vc_column_text][\/vc_column_inner][\/vc_row_inner][vc_empty_space empty_h=&#8221;1&#8243;][vc_row_inner limit_content=&#8221;&#8221;][vc_column_inner column_width_percent=&#8221;100&#8243; align_horizontal=&#8221;align_center&#8221; gutter_size=&#8221;2&#8243; style=&#8221;dark&#8221; overlay_alpha=&#8221;50&#8243; shift_x=&#8221;0&#8243; shift_y=&#8221;0&#8243; shift_y_down=&#8221;0&#8243; z_index=&#8221;0&#8243; medium_width=&#8221;0&#8243; mobile_width=&#8221;0&#8243; width=&#8221;1\/2&#8243; uncode_shortcode_id=&#8221;216205&#8243;][vc_single_image media=&#8221;118977&#8243; media_width_percent=&#8221;23&#8243; alignment=&#8221;center&#8221; uncode_shortcode_id=&#8221;621975&#8243;][vc_column_text uncode_shortcode_id=&#8221;123249&#8243;]<\/p>\n<p class=\"p1\" style=\"text-align: center;\">Koruyucu i\u00e7ermez<\/p>\n<p>[\/vc_column_text][\/vc_column_inner][\/vc_row_inner][\/vc_column][\/vc_row][vc_row row_height_percent=&#8221;0&#8243; override_padding=&#8221;yes&#8221; h_padding=&#8221;2&#8243; top_padding=&#8221;0&#8243; bottom_padding=&#8221;2&#8243; back_color=&#8221;color-545879&#8243; overlay_alpha=&#8221;50&#8243; gutter_size=&#8221;3&#8243; column_width_percent=&#8221;80&#8243; shift_y=&#8221;0&#8243; z_index=&#8221;0&#8243; desktop_visibility=&#8221;yes&#8221; auto_height_device=&#8221;yes&#8221; uncode_shortcode_id=&#8221;127924&#8243; back_color_type=&#8221;uncode-palette&#8221;][vc_column column_width_percent=&#8221;80&#8243; align_horizontal=&#8221;align_center&#8221; gutter_size=&#8221;0&#8243; style=&#8221;dark&#8221; overlay_alpha=&#8221;0&#8243; shift_x=&#8221;0&#8243; shift_y=&#8221;0&#8243; shift_y_down=&#8221;0&#8243; z_index=&#8221;0&#8243; medium_width=&#8221;4&#8243; mobile_width=&#8221;0&#8243; width=&#8221;1\/2&#8243; uncode_shortcode_id=&#8221;102205&#8243;][vc_empty_space empty_h=&#8221;3&#8243;][vc_single_image media=&#8221;120720&#8243; media_width_percent=&#8221;100&#8243; alignment=&#8221;center&#8221; css_animation=&#8221;alpha-anim&#8221; uncode_shortcode_id=&#8221;180874&#8243;][\/vc_column][vc_column column_width_percent=&#8221;100&#8243; gutter_size=&#8221;3&#8243; style=&#8221;dark&#8221; overlay_alpha=&#8221;50&#8243; shift_x=&#8221;0&#8243; shift_y=&#8221;0&#8243; shift_y_down=&#8221;0&#8243; z_index=&#8221;0&#8243; medium_width=&#8221;4&#8243; mobile_width=&#8221;0&#8243; width=&#8221;1\/2&#8243; uncode_shortcode_id=&#8221;669449&#8243;][vc_column_text text_color=&#8221;color-xsdn&#8221; uncode_shortcode_id=&#8221;186906&#8243; text_color_type=&#8221;uncode-palette&#8221;]<\/p>\n<h5 style=\"text-align: left;\"><span class=\"font-144102\">VEGGURME<\/span><\/h5>\n<p>[\/vc_column_text][vc_column_text uncode_shortcode_id=&#8221;124961&#8243;]<\/p>\n<p class=\"p1\">Bizce hi\u00e7bir vegan gurme peynir lezzetlerinden mahrum kalmamal\u0131. \u0130\u015fte T\u00fcrkiye\u2019nin ilk bitki bazl\u0131 gurme peyniri. Sabah kahvalt\u0131lar\u0131n\u0131zdan eksik olmayacak bir lezzet.<\/p>\n<p>[\/vc_column_text][vc_row_inner limit_content=&#8221;&#8221;][vc_column_inner column_width_percent=&#8221;100&#8243; align_horizontal=&#8221;align_center&#8221; gutter_size=&#8221;2&#8243; style=&#8221;dark&#8221; overlay_alpha=&#8221;50&#8243; shift_x=&#8221;0&#8243; shift_y=&#8221;0&#8243; shift_y_down=&#8221;0&#8243; z_index=&#8221;0&#8243; medium_width=&#8221;4&#8243; mobile_width=&#8221;0&#8243; width=&#8221;1\/2&#8243; uncode_shortcode_id=&#8221;345191&#8243;][vc_single_image media=&#8221;119060&#8243; media_width_percent=&#8221;23&#8243; alignment=&#8221;center&#8221; uncode_shortcode_id=&#8221;658510&#8243;][vc_column_text uncode_shortcode_id=&#8221;510576&#8243;]<\/p>\n<p class=\"p1\" style=\"text-align: center;\">Laktoz i\u00e7ermez<\/p>\n<p>[\/vc_column_text][\/vc_column_inner][vc_column_inner column_width_percent=&#8221;100&#8243; align_horizontal=&#8221;align_center&#8221; gutter_size=&#8221;2&#8243; style=&#8221;dark&#8221; overlay_alpha=&#8221;50&#8243; shift_x=&#8221;0&#8243; shift_y=&#8221;0&#8243; shift_y_down=&#8221;0&#8243; z_index=&#8221;0&#8243; medium_width=&#8221;4&#8243; mobile_width=&#8221;0&#8243; width=&#8221;1\/2&#8243; uncode_shortcode_id=&#8221;772000&#8243;][vc_single_image media=&#8221;118959&#8243; media_width_percent=&#8221;23&#8243; alignment=&#8221;center&#8221; uncode_shortcode_id=&#8221;107513&#8243;][vc_column_text uncode_shortcode_id=&#8221;824755&#8243;]<\/p>\n<p class=\"p1\" style=\"text-align: center;\">%100 Vegan<\/p>\n<p>[\/vc_column_text][\/vc_column_inner][\/vc_row_inner][vc_empty_space empty_h=&#8221;1&#8243;][vc_row_inner limit_content=&#8221;&#8221;][vc_column_inner column_width_percent=&#8221;100&#8243; align_horizontal=&#8221;align_center&#8221; gutter_size=&#8221;2&#8243; style=&#8221;dark&#8221; overlay_alpha=&#8221;50&#8243; shift_x=&#8221;0&#8243; shift_y=&#8221;0&#8243; shift_y_down=&#8221;0&#8243; z_index=&#8221;0&#8243; medium_width=&#8221;4&#8243; mobile_width=&#8221;0&#8243; width=&#8221;1\/2&#8243; uncode_shortcode_id=&#8221;178921&#8243;][vc_single_image media=&#8221;118977&#8243; media_width_percent=&#8221;23&#8243; alignment=&#8221;center&#8221; uncode_shortcode_id=&#8221;200075&#8243;][vc_column_text uncode_shortcode_id=&#8221;293748&#8243;]<\/p>\n<p class=\"p1\" style=\"text-align: center;\">Koruyucu i\u00e7ermez<\/p>\n<p>[\/vc_column_text][\/vc_column_inner][vc_column_inner column_width_percent=&#8221;100&#8243; align_horizontal=&#8221;align_center&#8221; gutter_size=&#8221;2&#8243; style=&#8221;dark&#8221; overlay_alpha=&#8221;50&#8243; shift_x=&#8221;0&#8243; shift_y=&#8221;0&#8243; shift_y_down=&#8221;0&#8243; z_index=&#8221;0&#8243; medium_width=&#8221;4&#8243; mobile_width=&#8221;0&#8243; width=&#8221;1\/2&#8243; uncode_shortcode_id=&#8221;826007&#8243;][vc_single_image media=&#8221;118747&#8243; media_width_percent=&#8221;23&#8243; alignment=&#8221;center&#8221; uncode_shortcode_id=&#8221;436063&#8243;][vc_column_text uncode_shortcode_id=&#8221;807493&#8243;]<\/p>\n<p style=\"text-align: center;\">GDO&#8217;suz<\/p>\n<p>[\/vc_column_text][\/vc_column_inner][\/vc_row_inner][vc_row_inner limit_content=&#8221;&#8221;][vc_column_inner column_width_percent=&#8221;100&#8243; align_horizontal=&#8221;align_center&#8221; gutter_size=&#8221;2&#8243; style=&#8221;dark&#8221; overlay_alpha=&#8221;50&#8243; shift_x=&#8221;0&#8243; shift_y=&#8221;0&#8243; shift_y_down=&#8221;0&#8243; z_index=&#8221;0&#8243; medium_width=&#8221;4&#8243; mobile_width=&#8221;0&#8243; width=&#8221;1\/2&#8243; uncode_shortcode_id=&#8221;178921&#8243;][vc_single_image media=&#8221;118748&#8243; media_width_percent=&#8221;17&#8243; alignment=&#8221;center&#8221; uncode_shortcode_id=&#8221;206615&#8243;][vc_column_text uncode_shortcode_id=&#8221;450056&#8243;]<\/p>\n<p style=\"text-align: center;\">Uluslararas\u0131 FSSC 22000 sertifikal\u0131<\/p>\n<p>[\/vc_column_text][\/vc_column_inner][vc_column_inner column_width_percent=&#8221;100&#8243; align_horizontal=&#8221;align_center&#8221; gutter_size=&#8221;2&#8243; style=&#8221;dark&#8221; overlay_alpha=&#8221;50&#8243; shift_x=&#8221;0&#8243; shift_y=&#8221;0&#8243; shift_y_down=&#8221;0&#8243; z_index=&#8221;0&#8243; medium_width=&#8221;4&#8243; mobile_width=&#8221;0&#8243; width=&#8221;1\/2&#8243; uncode_shortcode_id=&#8221;826007&#8243;][\/vc_column_inner][\/vc_row_inner][\/vc_column][\/vc_row][vc_row row_height_percent=&#8221;0&#8243; override_padding=&#8221;yes&#8221; h_padding=&#8221;2&#8243; top_padding=&#8221;2&#8243; bottom_padding=&#8221;4&#8243; back_color=&#8221;color-545879&#8243; overlay_alpha=&#8221;50&#8243; gutter_size=&#8221;3&#8243; column_width_percent=&#8221;100&#8243; shift_y=&#8221;0&#8243; z_index=&#8221;0&#8243; uncode_shortcode_id=&#8221;390614&#8243; back_color_type=&#8221;uncode-palette&#8221;][vc_column column_width_percent=&#8221;100&#8243; align_horizontal=&#8221;align_center&#8221; gutter_size=&#8221;3&#8243; override_padding=&#8221;yes&#8221; column_padding=&#8221;1&#8243; expand_height=&#8221;yes&#8221; style=&#8221;dark&#8221; overlay_alpha=&#8221;50&#8243; shift_x=&#8221;0&#8243; shift_y=&#8221;0&#8243; shift_y_down=&#8221;0&#8243; z_index=&#8221;0&#8243; medium_width=&#8221;0&#8243; mobile_width=&#8221;0&#8243; width=&#8221;1\/1&#8243; uncode_shortcode_id=&#8221;360147&#8243;][vc_separator sep_color=&#8221;color-xsdn&#8221; uncode_shortcode_id=&#8221;139044&#8243; sep_color_type=&#8221;uncode-palette&#8221; el_height=&#8221;1px&#8221;][vc_button button_color=&#8221;color-xsdn&#8221; hover_fx=&#8221;outlined&#8221; outline=&#8221;yes&#8221; custom_typo=&#8221;yes&#8221; font_family=&#8221;font-144102&#8243; font_weight=&#8221;400&#8243; letter_spacing=&#8221;fontspace-210350&#8243; border_width=&#8221;1&#8243; button_color_type=&#8221;uncode-palette&#8221; uncode_shortcode_id=&#8221;715826&#8243; link=&#8221;url:https%3A%2F%2Fwww.shopveggy.com%2Furun%2Fveggurme-250-g|target:_blank&#8221;]SATIN AL[\/vc_button][vc_separator sep_color=&#8221;color-xsdn&#8221; uncode_shortcode_id=&#8221;139044&#8243; sep_color_type=&#8221;uncode-palette&#8221; el_height=&#8221;1px&#8221;][vc_empty_space empty_h=&#8221;2&#8243;][vc_tabs typography=&#8221;yes&#8221;][vc_tab gutter_size=&#8221;3&#8243; column_padding=&#8221;2&#8243; title=&#8221;\u00dcR\u00dcN B\u0130LG\u0130LER\u0130&#8221; tab_id=&#8221;1680178901-1-86&#8243;][vc_row_inner limit_content=&#8221;&#8221;][vc_column_inner column_width_percent=&#8221;65&#8243; gutter_size=&#8221;3&#8243; style=&#8221;dark&#8221; overlay_alpha=&#8221;50&#8243; shift_x=&#8221;0&#8243; shift_y=&#8221;0&#8243; shift_y_down=&#8221;0&#8243; z_index=&#8221;0&#8243; medium_width=&#8221;0&#8243; mobile_width=&#8221;0&#8243; width=&#8221;1\/2&#8243; uncode_shortcode_id=&#8221;181065&#8243;][vc_column_text uncode_shortcode_id=&#8221;385382&#8243;]<\/p>\n<p class=\"p1\"><b>\u0130\u00e7indekiler:<\/b> Su, soya fasulyesi, ni\u015fastalar (patates, m\u0131s\u0131r), bitkisel ya\u011f (hindistan cevizi), tuz, do\u011fal aroma vericiler, \u015feker, asitlik d\u00fczenleyici (sitrik asit).<\/p>\n<p class=\"p1\"><b>Alerjen: <i>Soya<\/i><\/b> i\u00e7erir. Eser miktarda <b><i>gluten, kereviz <\/i><\/b>ve<b><i> hardal<\/i><\/b> i\u00e7erebilir.<\/p>\n<p>[\/vc_column_text][\/vc_column_inner][vc_column_inner column_width_percent=&#8221;100&#8243; gutter_size=&#8221;3&#8243; style=&#8221;dark&#8221; overlay_alpha=&#8221;50&#8243; shift_x=&#8221;0&#8243; shift_y=&#8221;0&#8243; shift_y_down=&#8221;0&#8243; z_index=&#8221;0&#8243; medium_width=&#8221;0&#8243; mobile_width=&#8221;0&#8243; width=&#8221;1\/2&#8243; uncode_shortcode_id=&#8221;190367&#8243;][vc_column_text uncode_shortcode_id=&#8221;163048&#8243;]<\/p>\n<table class=\"t1\" cellspacing=\"0\" cellpadding=\"0\">\n<tbody>\n<tr>\n<td class=\"td1\" valign=\"middle\">\n<p class=\"p2\">Enerji ve Besin \u00d6\u011feleri<\/p>\n<\/td>\n<td class=\"td2\" valign=\"middle\">\n<p class=\"p3\">100 g i\u00e7in<\/p>\n<\/td>\n<\/tr>\n<tr>\n<td class=\"td3\" valign=\"middle\">\n<p class=\"p2\">Enerji<span class=\"Apple-converted-space\">\u00a0 <\/span>(kj\/kcal)<\/p>\n<\/td>\n<td class=\"td4\" valign=\"middle\">\n<p class=\"p3\">1410\/337<\/p>\n<\/td>\n<\/tr>\n<tr>\n<td class=\"td1\" valign=\"middle\">\n<p class=\"p2\">Ya\u011f (g)<\/p>\n<\/td>\n<td class=\"td2\" valign=\"middle\">\n<p class=\"p3\">24,7<\/p>\n<\/td>\n<\/tr>\n<tr>\n<td class=\"td3\" valign=\"middle\">\n<p class=\"p2\">Doymu\u015f Ya\u011f (g)<\/p>\n<\/td>\n<td class=\"td4\" valign=\"middle\">\n<p class=\"p3\">22,7<\/p>\n<\/td>\n<\/tr>\n<tr>\n<td class=\"td1\" valign=\"middle\">\n<p class=\"p2\">Karbonhidrat (g)<\/p>\n<\/td>\n<td class=\"td2\" valign=\"middle\">\n<p class=\"p3\">25,9<\/p>\n<\/td>\n<\/tr>\n<tr>\n<td class=\"td3\" valign=\"middle\">\n<p class=\"p2\">\u015eekerler (g)<\/p>\n<\/td>\n<td class=\"td4\" valign=\"middle\">\n<p class=\"p3\">0,7<\/p>\n<\/td>\n<\/tr>\n<tr>\n<td class=\"td1\" valign=\"middle\">\n<p class=\"p2\">Protein (g)<\/p>\n<\/td>\n<td class=\"td2\" valign=\"middle\">\n<p class=\"p3\">2,4<\/p>\n<\/td>\n<\/tr>\n<tr>\n<td class=\"td3\" valign=\"middle\">\n<p class=\"p2\">Tuz (g)<\/p>\n<\/td>\n<td class=\"td4\" valign=\"middle\">\n<p class=\"p3\">2,4<\/p>\n<\/td>\n<\/tr>\n<\/tbody>\n<\/table>\n<p>[\/vc_column_text][\/vc_column_inner][\/vc_row_inner][\/vc_tab][vc_tab gutter_size=&#8221;3&#8243; column_padding=&#8221;2&#8243; title=&#8221;TAR\u0130F \u00d6NER\u0130M\u0130Z&#8221; tab_id=&#8221;1680178901-2-26&#8243;][vc_row_inner limit_content=&#8221;&#8221;][vc_column_inner column_width_percent=&#8221;100&#8243; align_horizontal=&#8221;align_center&#8221; gutter_size=&#8221;3&#8243; style=&#8221;dark&#8221; overlay_alpha=&#8221;50&#8243; shift_x=&#8221;0&#8243; shift_y=&#8221;0&#8243; shift_y_down=&#8221;0&#8243; z_index=&#8221;0&#8243; medium_width=&#8221;0&#8243; mobile_width=&#8221;0&#8243; width=&#8221;1\/1&#8243; uncode_shortcode_id=&#8221;146005&#8243;][vc_column_text text_lead=&#8221;yes&#8221; uncode_shortcode_id=&#8221;209938&#8243;]<\/p>\n<p class=\"p1\" style=\"text-align: center;\">Avokadolu Pancarl\u0131 Veggurme Sandvi\u00e7<\/p>\n<p>[\/vc_column_text][vc_separator sep_color=&#8221;color-xsdn&#8221; uncode_shortcode_id=&#8221;198065&#8243; sep_color_type=&#8221;uncode-palette&#8221; el_height=&#8221;1px&#8221;][\/vc_column_inner][\/vc_row_inner][vc_row_inner limit_content=&#8221;&#8221;][vc_column_inner column_width_percent=&#8221;100&#8243; gutter_size=&#8221;3&#8243; style=&#8221;dark&#8221; overlay_alpha=&#8221;50&#8243; shift_x=&#8221;0&#8243; shift_y=&#8221;0&#8243; shift_y_down=&#8221;0&#8243; z_index=&#8221;0&#8243; medium_width=&#8221;0&#8243; mobile_width=&#8221;0&#8243; width=&#8221;1\/2&#8243; uncode_shortcode_id=&#8221;672824&#8243;][vc_column_text uncode_shortcode_id=&#8221;495358&#8243;]<b>Malzemeler:<\/b><\/p>\n<ul>\n<li class=\"p1\">1 b\u00fcy\u00fck ya da 2 k\u00fc\u00e7\u00fck sandvi\u00e7 ekme\u011fi,<\/li>\n<li class=\"p1\">Bir avu\u00e7 ceviz,<\/li>\n<li class=\"p1\">1\/2 avokado,<\/li>\n<li class=\"p1\">4 dilim Veggurme<\/li>\n<li class=\"p1\">1 adet ha\u015flanm\u0131\u015f pancar,<\/li>\n<li class=\"p1\">1\/2 su barda\u011f\u0131 konserve m\u0131s\u0131r,<\/li>\n<li class=\"p1\">1\/4 limonun suyu,<\/li>\n<li class=\"p1\">1\/2 \u00e7ay ka\u015f\u0131\u011f\u0131 djon hardal\u0131,<\/li>\n<li class=\"p1\">Tuz,<\/li>\n<li class=\"p1\">Karabiber<\/li>\n<\/ul>\n<p>[\/vc_column_text][\/vc_column_inner][vc_column_inner column_width_percent=&#8221;100&#8243; gutter_size=&#8221;3&#8243; style=&#8221;dark&#8221; overlay_alpha=&#8221;50&#8243; shift_x=&#8221;0&#8243; shift_y=&#8221;0&#8243; shift_y_down=&#8221;0&#8243; z_index=&#8221;0&#8243; medium_width=&#8221;0&#8243; mobile_width=&#8221;0&#8243; width=&#8221;1\/2&#8243; uncode_shortcode_id=&#8221;127971&#8243;][vc_column_text uncode_shortcode_id=&#8221;203860&#8243;]<\/p>\n<p class=\"p1\"><b>Yap\u0131l\u0131\u015f\u0131:<\/b><\/p>\n<p class=\"p1\">Cevizi rondoda s\u00fcr\u00fclebilir k\u0131vama gelene kadar \u00e7ekin,<\/p>\n<p class=\"p1\">Sandvi\u00e7 ekme\u011fini tek taraf\u0131n\u0131 ay\u0131rmadan ikiye kesin,<\/p>\n<p class=\"p1\">Ceviz ezmesini ekme\u011fin aras\u0131na s\u00fcr\u00fcn,<\/p>\n<p class=\"p1\">\u00dczerine dilimledi\u011finiz avokadoyu yerle\u015ftirin,<\/p>\n<p class=\"p1\">Veggy Veggurmeleri istedi\u011finiz boyutlarda dilimleyin ve sandvi\u00e7 i\u00e7erisine yerle\u015ftirin.<\/p>\n<p class=\"p1\">\u00dczerine pancar dilimlerini dizin,<\/p>\n<p class=\"p1\">M\u0131s\u0131r\u0131 bir b\u0131\u00e7ak veya sat\u0131rla kabaca k\u0131y\u0131p bir k\u00e2seye al\u0131n,<\/p>\n<p class=\"p1\">Djon hardal\u0131, limon suyu, tuz ve karabiberi ekleyip kar\u0131\u015ft\u0131r\u0131n,<\/p>\n<p class=\"p1\">Kar\u0131\u015f\u0131m\u0131 sandvi\u00e7 ekme\u011finin i\u00e7ine yerle\u015ftirin.<\/p>\n<p class=\"p1\">Sandvi\u00e7i kapat\u0131p servis edin.<\/p>\n<p>[\/vc_column_text][\/vc_column_inner][\/vc_row_inner][\/vc_tab][\/vc_tabs][\/vc_column][\/vc_row]<\/p>\n<\/section>","protected":false},"excerpt":{"rendered":"<p>[vc_row row_height_percent=&#8221;0&#8243; override_padding=&#8221;yes&#8221; h_padding=&#8221;2&#8243; top_padding=&#8221;0&#8243; bottom_padding=&#8221;2&#8243; back_color=&#8221;color-545879&#8243; overlay_alpha=&#8221;50&#8243; gutter_size=&#8221;3&#8243; column_width_percent=&#8221;80&#8243; shift_y=&#8221;0&#8243; z_index=&#8221;0&#8243; auto_height_device=&#8221;yes&#8221; uncode_shortcode_id=&#8221;113569&#8243; back_color_type=&#8221;uncode-palette&#8221;][vc_column column_width_percent=&#8221;70&#8243; position_vertical=&#8221;middle&#8221; align_horizontal=&#8221;align_center&#8221; gutter_size=&#8221;0&#8243; style=&#8221;dark&#8221; [&hellip;]<\/p>\n","protected":false},"author":2,"featured_media":0,"parent":0,"menu_order":0,"comment_status":"closed","ping_status":"closed","template":"","meta":{"_monsterinsights_skip_tracking":false,"_monsterinsights_sitenote_active":false,"_monsterinsights_sitenote_note":"","_monsterinsights_sitenote_category":0,"footnotes":""},"class_list":["post-119075","page","type-page","status-publish","hentry"],"aioseo_notices":[],"_links":{"self":[{"href":"https:\/\/veggy.com.tr\/veggy\/wp-json\/wp\/v2\/pages\/119075","targetHints":{"allow":["GET"]}}],"collection":[{"href":"https:\/\/veggy.com.tr\/veggy\/wp-json\/wp\/v2\/pages"}],"about":[{"href":"https:\/\/veggy.com.tr\/veggy\/wp-json\/wp\/v2\/types\/page"}],"author":[{"embeddable":true,"href":"https:\/\/veggy.com.tr\/veggy\/wp-json\/wp\/v2\/users\/2"}],"replies":[{"embeddable":true,"href":"https:\/\/veggy.com.tr\/veggy\/wp-json\/wp\/v2\/comments?post=119075"}],"version-history":[{"count":10,"href":"https:\/\/veggy.com.tr\/veggy\/wp-json\/wp\/v2\/pages\/119075\/revisions"}],"predecessor-version":[{"id":121187,"href":"https:\/\/veggy.com.tr\/veggy\/wp-json\/wp\/v2\/pages\/119075\/revisions\/121187"}],"wp:attachment":[{"href":"https:\/\/veggy.com.tr\/veggy\/wp-json\/wp\/v2\/media?parent=119075"}],"curies":[{"name":"wp","href":"https:\/\/api.w.org\/{rel}","templated":true}]}}