{"id":118343,"date":"2023-03-28T20:06:24","date_gmt":"2023-03-28T20:06:24","guid":{"rendered":"https:\/\/veggy.com.tr\/veggy\/?page_id=118343"},"modified":"2023-11-01T20:15:58","modified_gmt":"2023-11-01T20:15:58","slug":"veggyler","status":"publish","type":"page","link":"https:\/\/veggy.com.tr\/veggy\/veggyler\/","title":{"rendered":"Veggyler"},"content":{"rendered":"<section class=\"wpb-content-wrapper\"><p>[vc_row row_height_percent=&#8221;11&#8243; override_padding=&#8221;yes&#8221; h_padding=&#8221;2&#8243; top_padding=&#8221;2&#8243; bottom_padding=&#8221;2&#8243; back_color=&#8221;color-545879&#8243; overlay_alpha=&#8221;50&#8243; gutter_size=&#8221;3&#8243; column_width_percent=&#8221;100&#8243; shift_y=&#8221;0&#8243; z_index=&#8221;0&#8243; medium_visibility=&#8221;yes&#8221; mobile_visibility=&#8221;yes&#8221; auto_height_device=&#8221;yes&#8221; uncode_shortcode_id=&#8221;476997&#8243; back_color_type=&#8221;uncode-palette&#8221; shape_dividers=&#8221;&#8221;][vc_column column_width_percent=&#8221;100&#8243; position_vertical=&#8221;middle&#8221; align_horizontal=&#8221;align_center&#8221; gutter_size=&#8221;3&#8243; style=&#8221;dark&#8221; overlay_alpha=&#8221;0&#8243; shift_x=&#8221;0&#8243; shift_y=&#8221;0&#8243; shift_y_down=&#8221;0&#8243; z_index=&#8221;0&#8243; medium_width=&#8221;0&#8243; mobile_width=&#8221;0&#8243; width=&#8221;1\/1&#8243; uncode_shortcode_id=&#8221;849775&#8243;][\/vc_column][\/vc_row][vc_row row_height_percent=&#8221;10&#8243; override_padding=&#8221;yes&#8221; h_padding=&#8221;2&#8243; top_padding=&#8221;2&#8243; bottom_padding=&#8221;2&#8243; back_color=&#8221;color-545879&#8243; overlay_alpha=&#8221;50&#8243; gutter_size=&#8221;3&#8243; column_width_percent=&#8221;100&#8243; shift_y=&#8221;0&#8243; z_index=&#8221;0&#8243; desktop_visibility=&#8221;yes&#8221; mobile_visibility=&#8221;yes&#8221; uncode_shortcode_id=&#8221;134205&#8243; back_color_type=&#8221;uncode-palette&#8221; row_height_pixel=&#8221;40px&#8221; shape_dividers=&#8221;&#8221;][vc_column column_width_percent=&#8221;100&#8243; position_vertical=&#8221;middle&#8221; align_horizontal=&#8221;align_center&#8221; gutter_size=&#8221;3&#8243; style=&#8221;dark&#8221; overlay_alpha=&#8221;0&#8243; shift_x=&#8221;0&#8243; shift_y=&#8221;0&#8243; shift_y_down=&#8221;0&#8243; z_index=&#8221;0&#8243; medium_width=&#8221;0&#8243; mobile_width=&#8221;0&#8243; width=&#8221;1\/1&#8243; uncode_shortcode_id=&#8221;849775&#8243;][\/vc_column][\/vc_row][vc_row unlock_row_content=&#8221;yes&#8221; row_height_percent=&#8221;10&#8243; override_padding=&#8221;yes&#8221; h_padding=&#8221;2&#8243; top_padding=&#8221;2&#8243; bottom_padding=&#8221;2&#8243; back_color=&#8221;color-545879&#8243; overlay_alpha=&#8221;50&#8243; gutter_size=&#8221;3&#8243; column_width_percent=&#8221;100&#8243; shift_y=&#8221;0&#8243; z_index=&#8221;0&#8243; desktop_visibility=&#8221;yes&#8221; medium_visibility=&#8221;yes&#8221; uncode_shortcode_id=&#8221;145328&#8243; back_color_type=&#8221;uncode-palette&#8221; row_height_pixel=&#8221;30px&#8221; shape_dividers=&#8221;&#8221;][vc_column column_width_percent=&#8221;100&#8243; position_vertical=&#8221;middle&#8221; align_horizontal=&#8221;align_center&#8221; gutter_size=&#8221;3&#8243; style=&#8221;dark&#8221; overlay_alpha=&#8221;0&#8243; shift_x=&#8221;0&#8243; shift_y=&#8221;0&#8243; shift_y_down=&#8221;0&#8243; z_index=&#8221;0&#8243; medium_width=&#8221;0&#8243; mobile_width=&#8221;0&#8243; width=&#8221;1\/1&#8243; uncode_shortcode_id=&#8221;849775&#8243;][\/vc_column][\/vc_row][vc_row row_height_percent=&#8221;0&#8243; override_padding=&#8221;yes&#8221; h_padding=&#8221;2&#8243; top_padding=&#8221;2&#8243; bottom_padding=&#8221;0&#8243; back_color=&#8221;color-545879&#8243; overlay_alpha=&#8221;50&#8243; gutter_size=&#8221;3&#8243; column_width_percent=&#8221;100&#8243; shift_y=&#8221;0&#8243; z_index=&#8221;0&#8243; uncode_shortcode_id=&#8221;643152&#8243; back_color_type=&#8221;uncode-palette&#8221; shape_dividers=&#8221;&#8221;][vc_column column_width_percent=&#8221;90&#8243; align_horizontal=&#8221;align_center&#8221; gutter_size=&#8221;3&#8243; override_padding=&#8221;yes&#8221; column_padding=&#8221;2&#8243; expand_height=&#8221;yes&#8221; style=&#8221;dark&#8221; overlay_alpha=&#8221;50&#8243; shift_x=&#8221;0&#8243; shift_y=&#8221;0&#8243; shift_y_down=&#8221;0&#8243; z_index=&#8221;0&#8243; medium_visibility=&#8221;yes&#8221; medium_width=&#8221;0&#8243; mobile_visibility=&#8221;yes&#8221; mobile_width=&#8221;0&#8243; width=&#8221;1\/1&#8243; uncode_shortcode_id=&#8221;996468&#8243;][vc_column_text uncode_shortcode_id=&#8221;172842&#8243;]<\/p>\n<h6 style=\"text-align: center;\"><span class=\"font-144102\">VEGGY&#8217;LER<\/span><\/h6>\n<p>[\/vc_column_text][vc_column_text uncode_shortcode_id=&#8221;157748&#8243;]<span class=\"font-144102\">2010\u2019lar\u0131n ba\u015f\u0131nda, D\u00fcnyada vegan end\u00fcstrinin yeni yeni ba\u015flad\u0131\u011f\u0131, T\u00fcrkiye\u2019de ise pek bulunmad\u0131\u011f\u0131 y\u0131llarda gelece\u011fi \u00f6ng\u00f6rm\u00fc\u015f ve hayvansal g\u0131dalara alternatif bitkisel bazl\u0131 g\u0131da aray\u0131\u015f\u0131na girmi\u015ftik. \u00c7\u00fcnk\u00fc biz gelece\u011fin insanlar\u0131yd\u0131k.<\/span><\/p>\n<p><span class=\"font-144102\">Hayvansal \u00fcr\u00fcnler kullanmadan, kendi damak tad\u0131m\u0131za uygun, besin de\u011feri y\u00fcksek re\u00e7eteler olu\u015fturma tutkusu k\u0131sa s\u00fcrede \u00fcretime d\u00f6n\u00fc\u015ft\u00fc ve 2012\u2019de T\u00fcrkiye\u2019nin ilk ve tek bitkisel bazl\u0131 et \u00fcr\u00fcnleri sunan markas\u0131 Veggy do\u011fdu.<\/span><\/p>\n<p><span class=\"font-144102\">Yeni d\u00fcnyan\u0131n \u00e7evreci ve etik de\u011ferlerine sad\u0131k kalarak, herkesi yerken mutlu edecek, sa\u011fl\u0131kl\u0131 \u00fcr\u00fcnler yapabildi\u011fimizi g\u00f6rd\u00fc\u011f\u00fcm\u00fczde daha b\u00fcy\u00fck bir misyona haz\u0131rd\u0131k. Gelecekte et hayvansal g\u0131da t\u00fcketimini azaltarak daha s\u00fcrd\u00fcr\u00fclebilir, daha iyi bir gelecek yaratabilece\u011fimizi fark ettik!<\/span><\/p>\n<p><span class=\"font-144102\">Biliyoruz, al\u0131\u015fkanl\u0131klar\u0131 k\u0131rmak ve d\u00fcnyay\u0131 de\u011fi\u015ftirmek hi\u00e7 kolay de\u011fil. Ama g\u00f6rd\u00fck ki Veggy lezzetleriyle imk\u00e2ns\u0131z da de\u011fil!<\/span>[\/vc_column_text][\/vc_column][\/vc_row][vc_row row_height_percent=&#8221;0&#8243; back_color=&#8221;color-545879&#8243; overlay_alpha=&#8221;50&#8243; gutter_size=&#8221;3&#8243; column_width_percent=&#8221;100&#8243; shift_y=&#8221;0&#8243; z_index=&#8221;0&#8243; uncode_shortcode_id=&#8221;830009&#8243; back_color_type=&#8221;uncode-palette&#8221; shape_dividers=&#8221;&#8221;][vc_column column_width_percent=&#8221;100&#8243; align_horizontal=&#8221;align_center&#8221; gutter_size=&#8221;3&#8243; override_padding=&#8221;yes&#8221; column_padding=&#8221;1&#8243; style=&#8221;dark&#8221; overlay_alpha=&#8221;50&#8243; shift_x=&#8221;0&#8243; shift_y=&#8221;0&#8243; shift_y_down=&#8221;0&#8243; z_index=&#8221;0&#8243; desktop_visibility=&#8221;yes&#8221; medium_width=&#8221;0&#8243; mobile_width=&#8221;0&#8243; width=&#8221;1\/1&#8243; uncode_shortcode_id=&#8221;997601&#8243;][vc_column_text uncode_shortcode_id=&#8221;256936&#8243;]<\/p>\n<h6 style=\"text-align: center;\"><span class=\"font-144102\">VEGGY&#8217;LER<\/span><\/h6>\n<p>[\/vc_column_text][vc_column_text uncode_shortcode_id=&#8221;157748&#8243;]<span class=\"font-144102\">2010\u2019lar\u0131n ba\u015f\u0131nda, D\u00fcnyada vegan end\u00fcstrinin yeni yeni ba\u015flad\u0131\u011f\u0131, T\u00fcrkiye\u2019de ise pek bulunmad\u0131\u011f\u0131 y\u0131llarda gelece\u011fi \u00f6ng\u00f6rm\u00fc\u015f ve hayvansal g\u0131dalara alternatif bitkisel bazl\u0131 g\u0131da aray\u0131\u015f\u0131na girmi\u015ftik. \u00c7\u00fcnk\u00fc biz gelece\u011fin insanlar\u0131yd\u0131k.<\/span><\/p>\n<p><span class=\"font-144102\">Hayvansal \u00fcr\u00fcnler kullanmadan, kendi damak tad\u0131m\u0131za uygun, besin de\u011feri y\u00fcksek re\u00e7eteler olu\u015fturma tutkusu k\u0131sa s\u00fcrede \u00fcretime d\u00f6n\u00fc\u015ft\u00fc ve 2012\u2019de T\u00fcrkiye\u2019nin ilk ve tek bitkisel bazl\u0131 et \u00fcr\u00fcnleri sunan markas\u0131 Veggy do\u011fdu.<\/span><\/p>\n<p><span class=\"font-144102\">Yeni d\u00fcnyan\u0131n \u00e7evreci ve etik de\u011ferlerine sad\u0131k kalarak, herkesi yerken mutlu edecek, sa\u011fl\u0131kl\u0131 \u00fcr\u00fcnler yapabildi\u011fimizi g\u00f6rd\u00fc\u011f\u00fcm\u00fczde daha b\u00fcy\u00fck bir misyona haz\u0131rd\u0131k. Gelecekte et hayvansal g\u0131da t\u00fcketimini azaltarak daha s\u00fcrd\u00fcr\u00fclebilir, daha iyi bir gelecek yaratabilece\u011fimizi fark ettik!<\/span><\/p>\n<p><span class=\"font-144102\">Biliyoruz, al\u0131\u015fkanl\u0131klar\u0131 k\u0131rmak ve d\u00fcnyay\u0131 de\u011fi\u015ftirmek hi\u00e7 kolay de\u011fil. Ama g\u00f6rd\u00fck ki Veggy lezzetleriyle imk\u00e2ns\u0131z da de\u011fil!<\/span>[\/vc_column_text][\/vc_column][\/vc_row]<\/p>\n<\/section>","protected":false},"excerpt":{"rendered":"<p>[vc_row row_height_percent=&#8221;11&#8243; override_padding=&#8221;yes&#8221; h_padding=&#8221;2&#8243; top_padding=&#8221;2&#8243; bottom_padding=&#8221;2&#8243; back_color=&#8221;color-545879&#8243; overlay_alpha=&#8221;50&#8243; gutter_size=&#8221;3&#8243; column_width_percent=&#8221;100&#8243; shift_y=&#8221;0&#8243; z_index=&#8221;0&#8243; medium_visibility=&#8221;yes&#8221; mobile_visibility=&#8221;yes&#8221; auto_height_device=&#8221;yes&#8221; uncode_shortcode_id=&#8221;476997&#8243; back_color_type=&#8221;uncode-palette&#8221; shape_dividers=&#8221;&#8221;][vc_column column_width_percent=&#8221;100&#8243; position_vertical=&#8221;middle&#8221; [&hellip;]<\/p>\n","protected":false},"author":2,"featured_media":0,"parent":0,"menu_order":0,"comment_status":"closed","ping_status":"closed","template":"","meta":{"_monsterinsights_skip_tracking":false,"_monsterinsights_sitenote_active":false,"_monsterinsights_sitenote_note":"","_monsterinsights_sitenote_category":0,"footnotes":""},"class_list":["post-118343","page","type-page","status-publish","hentry"],"aioseo_notices":[],"_links":{"self":[{"href":"https:\/\/veggy.com.tr\/veggy\/wp-json\/wp\/v2\/pages\/118343","targetHints":{"allow":["GET"]}}],"collection":[{"href":"https:\/\/veggy.com.tr\/veggy\/wp-json\/wp\/v2\/pages"}],"about":[{"href":"https:\/\/veggy.com.tr\/veggy\/wp-json\/wp\/v2\/types\/page"}],"author":[{"embeddable":true,"href":"https:\/\/veggy.com.tr\/veggy\/wp-json\/wp\/v2\/users\/2"}],"replies":[{"embeddable":true,"href":"https:\/\/veggy.com.tr\/veggy\/wp-json\/wp\/v2\/comments?post=118343"}],"version-history":[{"count":44,"href":"https:\/\/veggy.com.tr\/veggy\/wp-json\/wp\/v2\/pages\/118343\/revisions"}],"predecessor-version":[{"id":120849,"href":"https:\/\/veggy.com.tr\/veggy\/wp-json\/wp\/v2\/pages\/118343\/revisions\/120849"}],"wp:attachment":[{"href":"https:\/\/veggy.com.tr\/veggy\/wp-json\/wp\/v2\/media?parent=118343"}],"curies":[{"name":"wp","href":"https:\/\/api.w.org\/{rel}","templated":true}]}}